 - (-3 + 0 + 0) - -2
4
Calculate 3 + -5 + (-2 + -3 - -8).
1
Calculate -5 + 3 + -3 + -4 - -5.
-4
-9 - (-5 + (1 - -1))
-6
Evaluate 5 - 0 - (1 - -8).
-4
What is (-8 + 5 - 3) + 9?
3
5 - (-3 + -1 - 3 - -22)
-10
What is the value of 7 + -1 + 2 + (-4 - -1)?
5
What is the value of 9 - (-2 + -1 + 4)?
8
2 + -3 - -1 - 0 - -1
1
(-3 - -1) + -1 + (3 - -4)
4
Calculate (9 - 3) + -2 + -4.
0
What is the value of -8 - (-4 + 8 + -5 - 8)?
1
Calculate 3 - (1 + 3) - (-10 + 7).
2
What is the value of -9 + 6 - (-2 - -2)?
-3
What is the value of 4 + -6 + -4 + 8?
2
4 + (-3 - (3 - (9 - 3)))
4
What is (2 - 0) + -1 + 4 + -2?
3
Evaluate (-5 - (11 - 9)) + 7.
0
Evaluate -7 - ((-13 - 6) + 6).
6
Calculate 0 - -14 - 9 - 6.
-1
Calculate 1 + -4 + -47 + 57.
7
What is -1 - -3 - ((5 - 6) + 1)?
2
What is the value of (2 - 1) + -2 + 37 + -34?
2
What is the value of -4 + (1 - 2 - -3)?
-2
4 - (5 - (-4 - -8))
3
What is the value of (5 + -3 - -1) + 2?
5
What is 8 + 4 + (-2 - 8)?
2
What is the value of -1 + -3 + (6 + -1 - 0)?
1
What is -12 + (-8 - -16) - -8 - 4?
0
-28 + 25 - (1 + -9)
5
What is the value of 4 + (-2 - -6 - 10) + -3?
-5
(-6 - -8 - (-3 - -2)) + -1
2
-7 - (-1 + 1) - -5
-2
1 + (2 - 2 - -4)
5
What is 3 + 0 + -2 + 2?
3
What is -10 + 0 + 1 + 142 + -138?
-5
-2 + -2 + 0 + (5 - 1)
0
Calculate 5 - (4 + -2 + -1 + 0).
4
Calculate 19 + -22 + 1 + 0.
-2
Evaluate (-3 - -2) + 3 + -1 + -3.
-2
What is the value of -2 + 2 + -2 - -1 - -3?
2
-6 + (5 - (6 + -7))
0
Calculate (2 - -2) + -18 - (-18 + 11).
-7
What is -1 + 3 + -2 - 2?
-2
Evaluate 4 + (-6 - (-8 - -4)).
2
Evaluate (-2 - (2 + -7)) + -1 + -1.
1
What is -11 - (4 + -2 + -5)?
-8
-3 + (2 - (-2 - 3)) - -1
5
Evaluate 4 + (4 + -10 - -5).
3
What is the value of (6 - 6) + -2 + -3?
-5
Evaluate 123 + -123 + (1 - -7).
8
Calculate 3 + 5 - 9 - (-2 - 1).
2
What is -51 - -50 - (2 - (0 + 0))?
-3
Evaluate 3 - (11 + (-4 - 1) + 6).
-9
What is the value of 11 + (-11 + 0 - (25 + -30))?
5
Calculate -1 + (2 - (5 - (-3 - -3))).
-4
What is the value of 1 - (1 - (2 + -2 + -1))?
-1
-10 + (9 - 7) + 7 + -2
-3
What is the value of (0 + 1 - 1) + -79 + 80?
1
19 + -16 - (12 + -4)
-5
Evaluate (-7 - -2) + (-3 - -7 - -3).
2
What is -4 + -4 + 2 + 2 + -1?
-5
Evaluate 7 - 12 - -1 - 1.
-5
What is the value of -3 + (-2 - (2 + -7))?
0
Evaluate -8 + 7 - (-1 - 4).
4
Calculate (3 - 5) + (2 - 1 - -6).
5
Calculate -3 + (5 - (-8 - -5)).
5
Calculate -1 - (-3 + (-4 - -11)).
-5
Calculate -1 + 2 + (-1 - -4).
4
What is the value of 21 + -9 - (4 + 0)?
8
Calculate 3 + -3 - (-2 - 3 - -1).
4
What is the value of (8 - (0 + 4)) + 0 - 7?
-3
Evaluate (2 - 5) + 1 + 1 + -3.
-4
Evaluate 2 + (3 - 7) + 2.
0
What is the value of 1 - -1 - (-67 - -71)?
-2
Calculate 0 - 3 - -4 - 2.
-1
What is 2 - 3 - (27 + -21)?
-7
Calculate 2 - (2 - 0) - 3.
-3
Calculate 6 + (5 - (-1 - -6)).
6
What is the value of (-7 - -7) + -3 - (-2 - 2)?
1
(22 - 26) + 1 + 2
-1
-4 + 2 + 1 + 0
-1
What is 1 + (-4 + -1 + 1 - 0)?
-3
What is 3 + (-7 - (-7 + 12 - 12))?
3
Evaluate 3 + ((-6 - -3) + 4 - 0).
4
What is -4 + -2 - (-5 - 1)?
0
Calculate -5 + ((1 - 3) + 5 - -1).
-1
Calculate -2 + 4 + -3 + -1 + 1.
-1
What is the value of 5 + 1 - (12 + -7 + 4)?
-3
What is -5 + 4 + 3 + -1 + 4?
5
-4 - (2 - (-4 + 9))
-1
What is the value of 7 - ((-2 - (2 - 4)) + 1)?
6
What is the value of (-5 - (-4 + -3)) + -7 + 2?
-3
What is the value of -4 + (1 - -6) - (1 - 3)?
5
Calculate (11 - -11) + (-3 - 4) + -5.
10
What is 31 + -37 - (-1 + -1 - 2)?
-2
(-4 - (-5 + 3)) + (-1 - 0)
-3
What is 42 + -48 + 1 + 5?
0
-4 - (-8 - (-3 + -1)) - -4
4
What is 4 + -2 - (0 - -4)?
-2
Evaluate -10 + (-3 + 10 - (-2 - -4)).
-5
What is -7 + -5 + -3 + 11?
-4
What is -1 - (-5 + 9 + -1)?
-4
What is -8 - (-5 - (-1 + -4 + 6))?
-2
What is the value of 0 - 2 - (5 + -2 + 0)?
-5
11 + -9 + -3 + -5
-6
What is (1 - -1 - 3) + (-2 - -7)?
4
4 + -9 - -4 - 4
-5
Evaluate 7 + 8 + -5 + -8.
2
What is -2 + (7 - 7 - -17 - 8)?
7
What is -4 + 4 + -7 + 2 + 4?
-1
What is the value of (-7 - -10) + 3 + -2?
4
What is 2 - (-5 + 10 + -8 - -1)?
4
Calculate -1 + (4 - 8) + (8 - 2).
1
Evaluate (-3 - -13) + (-5 - 2) + 2.
5
What is the value of 3 + -1 + 9 + -12?
-1
Evaluate 15 - (16 - -3 - 14).
10
Calculate 6 + 1 - (0 + -2 + 4).
5
Calculate 0 + 6 + (7 - 17).
-4
2 + (4 + 0 - 4)
2
-35 + 37 - (-1 + 2)
1
Calculate (3 - (-1 - -2)) + 1.
3
What is the value of 4 + (2 - -1) - 1?
6
Calculate -5 + 6 + (-5 - -6).
2
What is 12 - 22 - (1 - 7)?
-4
What is 31 - 39 - (1 - 4)?
-5
Calculate 3 + (5 + -2 - 7).
-1
Evaluate -1 + (0 - -7 - (2 - 1)).
5
2 + 1 + -6 + 1
-2
What is the value of 0 - (-2 + 2 + 0)?
0
What is the value of -3 + (-6 + 3 - 4) + 1?
-9
Evaluate 3 + -2 + 2 + -3 + 1.
1
(-1 - -4) + -1 + 0 + 3
5
What is 0 + (8 - 23) + 9?
-6
Evaluate -2 + (1 - 5) + (12 - 1).
5
What is the value of 3 + (1 - 3) + (1 - 0)?
2
What is the value of 2 + -4 + 4 + -5 + 3?
0
What is the value of (-12 - -14 - (-1 + 4)) + -1?
-2
Evaluate -2 - 0 - -4 - -3.
5
What is the value of -6 + 4 + 4 + 4?
6
Calculate -3 + (-5 - 0 - -6).
-2
What is the value of 3 + (-2 - (-5 - (-6 - 2)))?
-2
What is the value of 4 - -1 - 6 - -6?
5
Evaluate 0 + -13 - 4 - -7.
-10
0 + -5 + 4 + -3 + 2
-2
-4 - -4 - (1 + -3 + 4)
-2
-1 + (2 - (-5 - -4))
2
Evaluate -4 - -1 - 0 - (-20 + 21).
-4
What is (3 - 3 - 7 - -3) + 8?
4
Calculate 1 + (1 - 2 - 2).
-2
What is 8 - (-14 - (3 + -14))?
11
What is the value of -16 + 10 - ((2 - 9) + 2)?
-1
Calculate 12 - (35 - (-12 - -27)).
-8
What is the value of (-20 - -5 - 3) + 10?
-8
What is the value of -14 + 29 + -7 + -2 + 1?
7
1 + -1 + -3 - (25 - 29)
1
Evaluate 0 + 1 + 4 - (11 + -10).
4
-3 + (9 + -5 - -1)
2
Calculate 10 + -16 - -9 - (3 + -1).
1
Evaluate 2 + -2 + (-2 - -1) + -1.
-2
What is the value of (-15 - -14) + (-3 + 2 - 2)?
-4
Calculate (2 - (-3 - -2)) + -3 + -4.
-4
15 + -6 + (-1 - (-5 - -5))
8
(2 - -9) + 21 + -33
-1
Evaluate 0 - 11 - (-2 + -15).
6
What is 1 - 2 - (11 - 11)?
-1
What is -2 + 8 + (-6 - 3)?
-3
Evaluate 5 - (-9 + (2 - -5)).
7
Calculate -9 + (-1 - (-4 + 2) - -3).
-5
3 + 8 + (-9 - -5)
7
-4 - (-2 - -1 - 5)
2
What is 0 + (-12 + 17 - 7)?
-2
What is (2 - 3) + -2 + 9?
6
Calculate -2 - (-5 + 3) - 3.
-3
What is 99 + -99 + (-1 - (3 - 0))?
-4
Evaluate 1 - (7 + -10 - 0).
4
What is the value of -5 + 3 + -1 + 3?
0
Evaluate (-4 - -8) + (-8 - -2).
-2
What is the value of (-9 - -5) + 3 + -3?
-4
What is -7 - -10 - (9 + -1) - -3?
-2
(2 - (4 - -2)) + 1 - 0
-3
Calculate 0 + (-2 + -2 - 1).
-5
Evaluate (28 - 28) + 3 + -1.
2
Calculate (-3 - 3) + 5 + (-8 - -12).
3
Evaluate (27 - 23) + (-5 - -3).
2
Evaluate (0 + (-6 - -3) - -4) + -5.
-4
-9 + 9 - (8 - 0)
-8
Calculate 9 + (9 - 9) + -13.
-4
What is (-4 - -3 - -4) + 4 + -9?
-2
Calculate (-1 - (4 + -2)) + 0 - -6.
3
What is (-3 - 1) + (-1 + -12 - -21)?
4
Calculate 9 - (-1 + -9 + 15).
4
-8 - (-1 + -2 + 8 + -9)
-4
Calculate (4 - -1 - 12) + 2 + 0.
-5
(-1 - (4 - 7)) + 2 + -9
-5
Calculate -3 + -2 + -1 + (14 - 11).
-3
Evaluate -3 + (-4 - -3) + 4.
0
What is 1 + (-5 - -5) - -3?
4
Calculate -20 - -9 - -8 - (3 + 1).
-7
What is -1 - (2 + -2 + -2 + -1)?
2
What is -4 - (1 + 1 + -4)?
-2
Evaluate -2 + (-2 - 3) - -2.
-5
Calculate (5 - 0) + (-1 - (1 + 5)).
-2
Evaluate (-1 - 9) + (5 - 0).
-5
What is the value of -3 + 5 - 2 - 0?
0
What is -5 + (12 - (9 + -6))?
4
What is (-9 - -2) + 4 - -2?
-1
-377 - -381 - (10 - (0 - 1))
-7
What is (-9 - -9 - -6) + 0?
6
Evaluate -25 + 10 + 0 - -9.
-6
What is 1 + -1 + 1 + -9?
-8
Evaluate 1 - 1 - (-4 + 7).
-3
What is the value of 9 + 2 + -18 - -6?
-1
What is 1 - 5 - (-45 + 43)?
-2
What is 1 + (2 + -3 - (-5 + 2))?
3
What is (-1 - 5) + (1 - -1)?
-4
Calculate 17 - 2 - (83 - 76).
8
Calculate -6 + (-2 + -2 + 6 - 1).
-5
Calculate 5 - (3 - (7 - 6)).
3
Evaluate (8 - (5 - 4)) + -4 - -1.
4
Evaluate 0 + 2 + -1 + 3 - 4.
0
What is the value of -3 - (1 + 0 + (8 - 13))?
1
What is 1 + 11 - (11 - 6)?
7
Calculate 1 + 4 + -1 - 9.
-5
What is (1 - (-4 - -3)) + -5 - 0?
-3
Evaluate 4 + (-1 - (3 - 5)) + -2.
3
What is -3 - (-3 - (6 + -4 - -2))?
4
4 + 0 - (2 + (-2 - -2))
2
Calculate (-4 - -6 - 3) + -4 + 1.
-4
4 + (-6 - -3 - 1)
0
What is 16 - (19 + -9) - (1 + 9)?
-4
What is the value of -5 + 2 - (10 + -10)?
-3
What is 18 - (18 - 1) - (1 - 7)?
7
(-1 - 2) + 2 + -1 + -3
-5
Evaluate 4 + (-1 - -2) + -1 - 2.
2
What is 2 + 4 + (1 - (5 - 7))?
9
Evaluate 6 - (-6 + 5 + 6).
1
-5 - (2 + -3) - (2 + -5)
-1
What is the value of 0 + -1 - (2 - 2) - 1?
-2
W